{"id":33,"date":"2017-03-09T21:51:51","date_gmt":"2017-03-09T20:51:51","guid":{"rendered":"http:\/\/easy-restoration.com\/?page_id=33"},"modified":"2022-05-20T16:28:12","modified_gmt":"2022-05-20T14:28:12","slug":"oldtimer_restauration_demontage","status":"publish","type":"page","link":"https:\/\/easy-restoration.com\/?page_id=33","title":{"rendered":"Demontage"},"content":{"rendered":"<p>Die Demontage ist immer der erste Schritt bei einer Restauration.<\/p>\n<p>Gerade w\u00e4hrend der Demontage, wenn Sie sehen, wie die Teile zerlegt werden und dadurch wissen, wie sie sp\u00e4ter zusammengebaut werden m\u00fcssen, ist es wichtig, das Vorgehen m\u00f6glichst sofort und genau zu dokumentieren. Es gilt nicht nur so viel wie m\u00f6glich zu dokumentieren, sondern auch alle Informationen, die mann gerade sammelt\u00a0(Beschreibungen der Einzelschritte, Fotos, Skizzen, Zustand der Teile etc.) strukturiert und zusammenh\u00e4ngend zu speichern.<\/p>\n<p><em><strong>easy restoration<\/strong><\/em>\u00a0kann Ihnen dabei helfen um&#8230;<\/p>\n<ul>\n<li>die Demontage-Schritte w\u00e4hrenddem Sie am Arbeiten sind, zu erfassen,<\/li>\n<li>Hinweise f\u00fcr den Zusammenbau sofort zu speichern\u00a0damit sie nicht vergessen werden,<\/li>\n<li>Beschreibungen, Fotos und andere Daten, die zusammengeh\u00f6ren,\u00a0sofort mit einander zu verkn\u00fcpfen,<\/li>\n<li>die Reihenfolge der Demontage\u00a0festzuhalten,<\/li>\n<li>alle Teile automatisch zu katalogisieren\u00a0und<\/li>\n<li>zu jedem Teil die notwendigen Restaurationsschritte, wie zum Beispiel ersetzen, weiter zerlegen, putzen, \u00a0sandstrahlen, lackieren etc., zu erfassen.<\/li>\n<\/ul>\n<p>Das Ziel sollte sein, dass Sie nach der Demontage alles so gut wie m\u00f6glich dokumentiert haben, damit ein problemloser\u00a0Zusammenbau auch nach Monaten garantiert ist und Sie eine exakte \u00dcbersicht f\u00fcr den n\u00e4chsten Schritt, der eigentlichen Restauration, haben.<\/p>\n<p><a href=\"http:\/\/easy-restoration.com\/?page_id=48\">Lesen Sie weiter, wie <em><strong>easy restoration<\/strong><\/em> bei der Restauration behilflich sein kann&#8230;<\/a><\/p>\n","protected":false},"excerpt":{"rendered":"<p>Die Demontage ist immer der erste Schritt bei einer Restauration. Gerade w\u00e4hrend der Demontage, wenn Sie sehen, wie die Teile zerlegt werden und dadurch wissen, wie sie sp\u00e4ter zusammengebaut werden m\u00fcssen, ist es wichtig, das Vorgehen m\u00f6glichst sofort und genau zu dokumentieren. Es gilt nicht nur so viel wie m\u00f6glich zu dokumentieren, sondern auch alle <a class=\"more-link\" href=\"https:\/\/easy-restoration.com\/?page_id=33\">Read More &#8230;<\/a><\/p>\n","protected":false},"author":1,"featured_media":39,"parent":0,"menu_order":0,"comment_status":"closed","ping_status":"closed","template":"","meta":{"_monsterinsights_skip_tracking":false,"_monsterinsights_sitenote_active":false,"_monsterinsights_sitenote_note":"","_monsterinsights_sitenote_category":0,"footnotes":""},"class_list":["post-33","page","type-page","status-publish","has-post-thumbnail","hentry"],"_links":{"self":[{"href":"https:\/\/easy-restoration.com\/index.php?rest_route=\/wp\/v2\/pages\/33","targetHints":{"allow":["GET"]}}],"collection":[{"href":"https:\/\/easy-restoration.com\/index.php?rest_route=\/wp\/v2\/pages"}],"about":[{"href":"https:\/\/easy-restoration.com\/index.php?rest_route=\/wp\/v2\/types\/page"}],"author":[{"embeddable":true,"href":"https:\/\/easy-restoration.com\/index.php?rest_route=\/wp\/v2\/users\/1"}],"replies":[{"embeddable":true,"href":"https:\/\/easy-restoration.com\/index.php?rest_route=%2Fwp%2Fv2%2Fcomments&post=33"}],"version-history":[{"count":10,"href":"https:\/\/easy-restoration.com\/index.php?rest_route=\/wp\/v2\/pages\/33\/revisions"}],"predecessor-version":[{"id":173,"href":"https:\/\/easy-restoration.com\/index.php?rest_route=\/wp\/v2\/pages\/33\/revisions\/173"}],"wp:featuredmedia":[{"embeddable":true,"href":"https:\/\/easy-restoration.com\/index.php?rest_route=\/wp\/v2\/media\/39"}],"wp:attachment":[{"href":"https:\/\/easy-restoration.com\/index.php?rest_route=%2Fwp%2Fv2%2Fmedia&parent=33"}],"curies":[{"name":"wp","href":"https:\/\/api.w.org\/{rel}","templated":true}]}}